 the prime factors of 63926.
2, 31963
What are the prime factors of 11747?
17, 691
What are the prime factors of 106027?
229, 463
What are the prime factors of 8925?
3, 5, 7, 17
List the prime factors of 2450.
2, 5, 7
What are the prime factors of 16983?
3, 17, 37
What are the prime factors of 10811?
19, 569
List the prime factors of 2389.
2389
What are the prime factors of 1047?
3, 349
List the prime factors of 1225.
5, 7
List the prime factors of 614.
2, 307
What are the prime factors of 1036?
2, 7, 37
List the prime factors of 3715.
5, 743
List the prime factors of 44988.
2, 3, 23, 163
What are the prime factors of 88850?
2, 5, 1777
List the prime factors of 160682.
2, 80341
List the prime factors of 8142.
2, 3, 23, 59
What are the prime factors of 16725?
3, 5, 223
What are the prime factors of 1121?
19, 59
List the prime factors of 70343.
7, 13, 773
What are the prime factors of 17069?
13, 101
List the prime factors of 46276.
2, 23, 503
What are the prime factors of 1566?
2, 3, 29
List the prime factors of 399.
3, 7, 19
List the prime factors of 40606.
2, 79, 257
What are the prime factors of 3296?
2, 103
What are the prime factors of 23218?
2, 13, 19, 47
List the prime factors of 6050.
2, 5, 11
List the prime factors of 428.
2, 107
List the prime factors of 9382.
2, 4691
List the prime factors of 27494.
2, 59, 233
List the prime factors of 549.
3, 61
What are the prime factors of 108934?
2, 7, 31, 251
What are the prime factors of 54883?
71, 773
What are the prime factors of 20221?
73, 277
What are the prime factors of 94?
2, 47
List the prime factors of 23515.
5, 4703
What are the prime factors of 5648?
2, 353
What are the prime factors of 444?
2, 3, 37
List the prime factors of 470.
2, 5, 47
List the prime factors of 4894.
2, 2447
What are the prime factors of 397?
397
List the prime factors of 653.
653
What are the prime factors of 49981?
151, 331
What are the prime factors of 366?
2, 3, 61
What are the prime factors of 1361?
1361
What are the prime factors of 43741?
17, 31, 83
What are the prime factors of 21334?
2, 10667
What are the prime factors of 1838?
2, 919
List the prime factors of 146932.
2, 109, 337
List the prime factors of 13116.
2, 3, 1093
List the prime factors of 7584.
2, 3, 79
List the prime factors of 23063.
23063
List the prime factors of 9089.
61, 149
List the prime factors of 67363.
31, 41, 53
What are the prime factors of 31678?
2, 47, 337
What are the prime factors of 108264?
2, 3, 13, 347
What are the prime factors of 90619?
90619
What are the prime factors of 17197?
29, 593
List the prime factors of 16513.
7, 337
List the prime factors of 1009.
1009
List the prime factors of 2002.
2, 7, 11, 13
What are the prime factors of 5447?
13, 419
What are the prime factors of 4897?
59, 83
List the prime factors of 50168.
2, 6271
What are the prime factors of 479?
479
List the prime factors of 10949.
10949
List the prime factors of 15793.
17, 929
What are the prime factors of 533?
13, 41
What are the prime factors of 48167?
7, 983
What are the prime factors of 5254?
2, 37, 71
List the prime factors of 57927.
3, 19309
List the prime factors of 13917.
3, 4639
List the prime factors of 15027.
3, 5009
What are the prime factors of 2079?
3, 7, 11
What are the prime factors of 40947?
3, 13649
List the prime factors of 27588.
2, 3, 11, 19
What are the prime factors of 2063?
2063
List the prime factors of 755.
5, 151
List the prime factors of 156.
2, 3, 13
List the prime factors of 703.
19, 37
What are the prime factors of 3855?
3, 5, 257
List the prime factors of 1028.
2, 257
What are the prime factors of 21129?
3, 7043
What are the prime factors of 5572?
2, 7, 199
List the prime factors of 5022.
2, 3, 31
List the prime factors of 1194.
2, 3, 199
List the prime factors of 29111.
43, 677
What are the prime factors of 65728?
2, 13, 79
List the prime factors of 776.
2, 97
What are the prime factors of 6100?
2, 5, 61
List the prime factors of 24853.
29, 857
What are the prime factors of 831?
3, 277
What are the prime factors of 66475?
5, 2659
List the prime factors of 2157.
3, 719
What are the prime factors of 9013?
9013
What are the prime factors of 18346?
2, 9173
List the prime factors of 6079.
6079
List the prime factors of 70598.
2, 11, 3209
List the prime factors of 296.
2, 37
What are the prime factors of 3518?
2, 1759
List the prime factors of 1809.
3, 67
List the prime factors of 29526.
2, 3, 7, 19, 37
What are the prime factors of 2283?
3, 761
What are the prime factors of 6030?
2, 3, 5, 67
List the prime factors of 82742.
2, 11, 3761
List the prime factors of 11702.
2, 5851
What are the prime factors of 2898?
2, 3, 7, 23
What are the prime factors of 2737?
7, 17, 23
List the prime factors of 455.
5, 7, 13
List the prime factors of 10207.
59, 173
List the prime factors of 2115.
3, 5, 47
What are the prime factors of 24721?
59, 419
What are the prime factors of 7062?
2, 3, 11, 107
What are the prime factors of 41862?
2, 3, 6977
List the prime factors of 2993.
41, 73
List the prime factors of 1887.
3, 17, 37
List the prime factors of 8443.
8443
List the prime factors of 23647.
13, 17, 107
What are the prime factors of 22346?
2, 11173
List the prime factors of 21442.
2, 71, 151
What are the prime factors of 38464?
2, 601
What are the prime factors of 1027?
13, 79
List the prime factors of 346.
2, 173
List the prime factors of 1260.
2, 3, 5, 7
What are the prime factors of 7651?
7, 1093
What are the prime factors of 562?
2, 281
What are the prime factors of 127159?
101, 1259
What are the prime factors of 127732?
2, 11, 2903
What are the prime factors of 172891?
23, 7517
What are the prime factors of 1683?
3, 11, 17
What are the prime factors of 6752?
2, 211
What are the prime factors of 6969?
3, 23, 101
What are the prime factors of 8569?
11, 19, 41
List the prime factors of 651.
3, 7, 31
What are the prime factors of 21373?
11, 29, 67
List the prime factors of 37215.
3, 5, 827
What are the prime factors of 9509?
37, 257
List the prime factors of 1115.
5, 223
List the prime factors of 11131.
11131
What are the prime factors of 463?
463
List the prime factors of 3600.
2, 3, 5
What are the prime factors of 1331?
11
List the prime factors of 33153.
3, 43, 257
What are the prime factors of 1196?
2, 13, 23
What are the prime factors of 8442?
2, 3, 7, 67
List the prime factors of 2961.
3, 7, 47
What are the prime factors of 111614?
2, 55807
List the prime factors of 1934.
2, 967
What are the prime factors of 18798?
2, 3, 13, 241
List the prime factors of 133479.
3, 14831
What are the prime factors of 106042?
2, 37, 1433
What are the prime factors of 8382?
2, 3, 11, 127
What are the prime factors of 20266?
2, 10133
What are the prime factors of 6547?
6547
What are the prime factors of 24320?
2, 5, 19
What are the prime factors of 6070?
2, 5, 607
List the prime factors of 11932.
2, 19, 157
What are the prime factors of 26848?
2, 839
List the prime factors of 78156.
2, 3, 13, 167
List the prime factors of 1793.
11, 163
What are the prime factors of 255?
3, 5, 17
What are the prime factors of 15823?
15823
What are the prime factors of 120337?
7, 17191
What are the prime factors of 54515?
5, 10903
What are the prime factors of 890?
2, 5, 89
What are the prime factors of 1057?
7, 151
List the prime factors of 23265.
3, 5, 11, 47
What are the prime factors of 90128?
2, 43, 131
What are the prime factors of 11751?
3, 3917
What are the prime factors of 2286?
2, 3, 127
What are the prime factors of 105854?
2, 7, 7561
What are the prime factors of 1031?
1031
List the prime factors of 4059.
3, 11, 41
What are the prime factors of 52121?
52121
What are the prime factors of 902?
2, 11, 41
List the prime factors of 267.
3, 89
List the prime factors of 56883.
3, 67, 283
List the prime factors of 32973.
3, 29, 379
List the prime factors of 53615.
5, 10723
List the prime factors of 3763.
53, 71
List the prime factors of 9456.
2, 3, 197
What are the prime factors of 12146?
2, 6073
List the prime factors of 255.
3, 5, 17
List the prime factors of 37389.
3, 11, 103
List the prime factors of 61.
61
List the prime factors of 1968.
2, 3, 41
What are the prime factors of 2026?
2, 1013
List the prime factors of 8865.
3, 5, 197
List the prime factors of 2